= 8*y**2 - 6*y - f - 9*y**2 - 3. What is d(-5)?
-2
Let k be (1/(-2))/(20/(-120)). Let r(m) = 4 + 267*m**k + m - 138*m**3 - 130*m**3 - 4*m**2. Determine r(-4).
0
Suppose -27*c + 25*c = -18. Let r(t) = 1 + t + 3 + 3 - c. Let v be 3*2 + (-1 - -3). Determine r(v).
6
Let s(f) = f**2 - 92 + 29*f + 105 + f**3 - 13*f - 14*f. What is s(-5)?
-97
Let g(k) = k - 2. Let m(d) = 1. Let x(t) = -g(t) + 2*m(t). Let y(c) = c**3 - 14*c**2 - c + 29. Let l be y(14). Suppose 9*r = 14*r + l. Calculate x(r).
7
Let z(l) = -3*l**2 + 19*l - 2. Let y = 2133 - 2127. Give z(y).
4
Let h(j) = 4*j**2 + j + 2. Let i(d) = -10*d**2 + 12*d - 2. Let x(v) = -3*h(v) - i(v). Let m(u) = u**3 + 7*u**2 - 6*u + 9. Let s be m(-8). Give x(s).
3
Let i(v) be the second derivative of v**3/6 - 3*v**2 + 20914*v. Let r(m) = m**3 - m + 5 + 5*m**2 - 1 - 3. Let c be r(-5). Determine i(c).
0
Suppose 57 = 4*r + 25. Suppose r = 2*y + 16. Let h(l) = 2*l + l - 4*l. Determine h(y).
4
Let g(d) = d**2 + 2*d**2 - 4*d**2 - 1. Let y(w) be the second derivative of -w**4/4 + 3*w**3 - w**2/2 - 29*w. Let r be y(6). What is g(r)?
-2
Let c(u) be the third derivative of 0 + 0*u - 25*u**2 + 1/8*u**4 + 11/6*u**3. What is c(-6)?
-7
Let l(d) be the second derivative of d**4/12 - 7*d**3/6 - 3*d**2 - 384*d. Calculate l(9).
12
Let w(t) be the second derivative of -t**3/3 - 3*t**2/2 + 43*t. Suppose -3*f + 30 = 9. Suppose 0 = h - f + 12. Determine w(h).
7
Let y(b) = 6 - 69*b**3 - 6*b**2 - 71*b**3 - 5*b + 141*b**3. Suppose -25 - 15 = -8*u. Give y(u).
-44
Let b = -7 + 7. Let a be 1 + -1 - 0/(-11). Suppose 5*w + 25 = b, r + 2*w = -a*r - 7. Let y(v) = -v**2 - v + 4. Calculate y(r).
-8
Let z = -152 - -155. Let q(p) = 5 - 754*p**z + 755*p**3 + 6*p - 3*p - 8*p**2. Let t be 42/9*12/8. Give q(t).
-23
Let g(q) = -6 - 14 + 44 - 14 - 14*q + q**2 - 14. What is g(13)?
-17
Let w(o) = -o**3 + 13*o**2 - 22*o + 16. Let z(n) = -n**2 + 3*n - 2. Let r(b) = w(b) + 4*z(b). Let p be (-5 - -2)*-3 + -1. Give r(p).
-8
Let b(q) = q**2 - 2*q + 59. Let a be 0/(((-8)/6)/((-54)/(-81))). Determine b(a).
59
Let x(c) be the third derivative of 17*c**4/24 - 107*c**3/6 + 7*c**2 - 2*c + 60. What is x(7)?
12
Suppose 28 = 8*q - q. Suppose v + 4*v + 1 = -q*p, 0 = -3*p - 4*v. Let a(r) = -5*r**2 + 1. Let g(h) = -h**2. Let o(b) = 2*a(b) - 9*g(b). Give o(p).
-14
Let s(h) be the first derivative of -h**4/4 + 6*h**3 - h**2/2 + 14*h - 1929. Determine s(18).
-4
Suppose 5*n + 34 = 6*n. Let t(p) = -27 + p - n + 68. Determine t(8).
15
Let x be (-63)/(-14) + -6 + (-3)/2. Let m(k) = 11*k - 6. Calculate m(x).
-39
Let x(v) = v**3 + 5*v**2 - 5*v + 6. Let c = 97 - 91. Let b be (4/c)/((15/306)/(-5)). Let f = 62 + b. What is x(f)?
0
Let f = 0 + 0. Suppose f = -5*w + 39 - 14. Let j(s) = -26*s**2 + 8*s - 10. Let x(v) = 21*v**2 - 7*v + 8. Let q(r) = 4*j(r) + 5*x(r). What is q(w)?
10
Let c(y) be the second derivative of -y**4/12 - y**3/3 + 131*y**2/2 + 12160*y. Determine c(0).
131
Let o(h) = 11*h**2. Let k(g) = -21*g**2 - 10*g + 17. Let w(z) = -k(z) - 2*o(z). Calculate w(6).
7
Let m be (-104)/(-18) + (-2)/(-9). Let l(p) be the third derivative of -p**6/120 + 7*p**5/60 - 5*p**4/12 + 7*p**3/6 + 24*p**2 + 4*p + 3. Calculate l(m).
-17
Let u(h) = -12*h**2 - h. Let l(v) = -v**3 - 26*v**2 - 27*v - 49. Suppose 3*z + 2*j = -85, 4*z + 2*j = 61 - 171. Let n be l(z). What is u(n)?
-13
Let w(r) = -88*r**2 - 30661*r - 4*r**3 + 30698*r + 2 - r**3 + 24. Calculate w(-18).
8
Let d(l) = -8*l + 16. Let x(q) = -23*q + 47. Let k(c) = -17*d(c) + 6*x(c). Let i be k(7). Let y(h) = 88 + 3*h + 89 - 174. Calculate y(i).
-9
Let k(z) be the first derivative of z**4/4 + z**3 - 3*z**2/2 + 5*z - 21. Let h be (-204)/48 - (-1)/4. Calculate k(h).
1
Suppose -2*l + 4*w + 6 = 0, -3*l - 6*w + w = -9. Let r(q) = -1 - q**3 + 1 + 0*q - 5*q**2 - l*q - 4. Calculate r(-3).
-13
Let i be (-1 - -1)*(-2)/(-2). Let q(j) = -1 + 18*j + j + i. Let h be ((-1)/8)/(10 - 972/96). Give q(h).
18
Suppose s + 26 - 33 = 0. Let q(a) = -s*a**2 + 6*a**3 - 4*a - 7*a**3 + 1 - 2*a. What is q(-6)?
1
Let c(l) = -6*l - 1. Suppose 139 = 2*j + 57. Suppose 8*i = j + 167. Suppose -i*o - 3 = -29*o. Give c(o).
-7
Let b = -11 - -13. Let k(v) = -1 - 12*v**b + 6*v**2 + 8*v**2 - v. Calculate k(-1).
2
Let w(j) = 3*j**2 + 5*j + 25. Let p = -482 - -480. Let z(g) = -g**2 - g - 8. Let c(u) = p*w(u) - 7*z(u). Calculate c(6).
24
Suppose -5*w - 10 = 5*c, 20 = -0*c + 2*c - 4*w. Let r(q) = 10 - 21 + 7*q - q**c + 14. Give r(7).
3
Let s(d) = -d**3 + 2*d**2 + 5*d + 2. Suppose 1168 = -6*g + 4204. Let i = g + -509. Determine s(i).
32
Let k be (-105)/(-12) - 1/(-4). Suppose -k*g + 13 + 32 = 0. Let x(w) = -w**2 + 7*w - 4. Give x(g).
6
Let k(j) = -j**3 - 18*j**2 + 2. Let g be k(-18). Suppose 5*f - g*f + 3 = 0, 0 = 4*v - f - 133. Let n = v - 32. Let h(y) = 8*y**3 - 1. What is h(n)?
7
Let q = 128 + -37. Let y be 32/(-3)*(q/(-26) + 5). Let p(k) = -k**2 - 16*k + 7. Determine p(y).
7
Suppose 3 = 3*m + y - 2, -4*m - y + 8 = 0. Let c(d) be the second derivative of -d**5/20 + d**4/12 - d**3/2 + 2*d**2 + 369*d + 1. Determine c(m).
-23
Let q(x) be the third derivative of -x**4/8 - 10*x**3 + 1250*x**2. Calculate q(-21).
3
Let f be (-4)/(-11) - 4698/638. Let q(c) = 11*c + 41. Give q(f).
-36
Let m(j) = -12*j**2 + 3*j - 15. Let p(u) = -3*u**2 + u - 4. Let o(q) = 4*m(q) - 15*p(q). Let r = -158 - -156. Determine o(r).
-6
Suppose 6*p - 2*p - 12 = 0. Suppose 5*h = -17 - p. Let g(d) = -41646*d**2 + 0 + 6*d - 2 + 3 + 41647*d**2. Give g(h).
-7
Let a(d) = 3*d**3 + 10*d**2 + 16*d. Let p(c) = 7*c**3 + 19*c**2 + 34*c - 1. Suppose 10*v - 12 = 16*v. Let u(h) = v*p(h) + 5*a(h). Give u(-11).
-9
Let h be ((-2)/(-1))/(-2 - 0). Let l(c) = -c. Let w(j) = -1. Let u be -3 + ((-99)/(-22))/(2/4). Let z(k) = h*w(k) + u*l(k). What is z(-2)?
13
Let k(q) = -2 - q**2 - 14515*q + 14499*q + 0*q**2. Calculate k(-13).
37
Suppose -4*n = 5*a - 133, -172*a + 2*n + 28 = -170*a. Let d(s) be the second derivative of -5/2*s**2 + 0 - 5/12*s**4 + a*s + 5/6*s**3 + 1/20*s**5. Give d(4).
-1
Let c be (-1 - 2/(-5))*-5. Suppose 5*r + 3*w - 3 = 0, -r - 6 = 3*w + 3. Let x(a) = 798*a**2 + 5*a - 801*a**2 - 3 + a**r - 4*a. What is x(c)?
0
Let n be (-295)/(-118)*(-2)/10*-18. Let z(r) = 4*r - 3*r + 7 - n. Calculate z(-5).
-7
Let c(x) = 84 - 3*x + 98 - 180. Let n = -6 + 12. Calculate c(n).
-16
Let u(j) = j**3 + 4*j**2 + 7*j + 9. Suppose -5*o = -10*o - 2*t - 5, 20 = 4*t. Determine u(o).
-3
Let z be ((-3)/2)/((-9)/12). Suppose z*o + 7 + 7 = 0. Let a(c) = 8*c + 623 + 619 + 621 - 2474 + c**2 + 620. What is a(o)?
2
Let u(a) = 3*a + 2. Suppose -8 = 2*l - 4*s, -2*l - 3*s = -0*l + 43. Let k = 17 + l. Suppose 2*b = k*f - 3, 4*f + 12 = 3*f + 5*b. Determine u(f).
11
Let j(w) be the third derivative of -w**6/120 + w**5/30 + w**4/6 + w**3/3 - 2451*w**2. Let d be 9/(-6)*(-12)/(-9). What is j(d)?
10
Let y(k) be the first derivative of -9*k**2 + 10*k - 4504. Give y(-2).
46
Let h(x) = 3*x**3 + 25*x**2 + 14*x + 5. Let j(g) = -g**3 - 12*g**2 - 7*g + 1. Let v(z) = 2*h(z) + 5*j(z). Give v(10).
-55
Suppose 0 = 2*s + 3*g - 43, -s + 3 = 5*g - 1. Let z(m) = -s - m - 27 + 6*m**2 + 54 - 13*m**2. Determine z(-1).
-8
Let j(z) = -z**2 + z + 4. Suppose 4*s = s + 90. Let o be (-18)/s + (-3)/(15/(-23)). What is j(o)?
-8
Suppose f - x = -2*x - 1, 5*x = -20. Let j(q) = 1 + 33*q - q**f - 12*q - 19*q. Calculate j(2).
-3
Let w(l) = -7*l**2 + 5*l + 9. Let y(n) = -3*n**2 + 2*n + 4. Let a(k) = 2*w(k) - 5*y(k). Suppose -3*v + 9 = -2*u + 2*v, -5*v + 13 = -4*u. Determine a(u).
2
Let x(a) = -2*a**3 - 2*a**2 + a + 4. Let m be ((12 - 17) + 3)*1. Give x(m).
10
Let y(g) = -g - 9. Suppose 29*n = 26*n + 12. Let w be 12/n + 3 + -17. What is y(w)?
2
Suppose -6*o + 414 = -252. Suppose o = j + 45. Let x be 2/(0 - 6*2/j). Let u(r) = -r - 13. Give u(x).
-2
Let w(r) = -5*r**3 + r**2 + 13*r - 2. Let u(h) = -13*h**3 + h**2 + 34*h - 5. Let k(g) = -3*u(g) + 8*w(g). What is k(5)?
9
Let o(t) be the second derivative of t**4/12 - 5*t**3/3 - 6*t**2 - t - 491. Calculate o(9).
-21
Let p(n) = -6*n - 14. Let i(c) = -2*c - 5. Let v(w) = -17*i(w) + 6*p(w). Let o(k) = -136*k + 3133. Let u be o(23). Give v(u).
-9
Let j(w) = 131*w**2 - 73*w**2 + 4*w - 57*w**2 - 3. Let f(r) = -9*r**2 - 3*r**3 + 2 - 3*r**3 + 6*r**3 - r**3. Let i be f(-9). Give j(i).
9
Let z(q) = 7*q - 180. Let f be (6 - (-352)/(-72))/((-4)/(-90)). Calculate 